-8 - (-1 - 2))
-4
Calculate -8 + (12 - (-10 - -20)).
-6
What is the value of (2 - 4 - -7) + (23 - 32)?
-4
(5 - 2) + 14 + 6 + -22
1
What is the value of (1 - -1) + 13 + -14 + 0?
1
-8 + 2 - (-15 + 11)
-2
Evaluate 9 + (-8 - (6 - 6)).
1
2 - (1 + -1) - (5 - 1)
-2
What is -10 - (-1 + 8 - 9)?
-8
-2 + (10 - 5) + (2 - 3)
2
Evaluate (-20 - (-6 - 10)) + -1 + 4.
-1
Calculate (1 - 2) + (1 + -4 - -1).
-3
1 - (3 - (-2 - -4) - -1)
-1
(-7 - -4) + 2 + 3
2
What is the value of 11 + -27 + 15 + 6?
5
Evaluate -4 + (7 - 4) + 1 + -1.
-1
What is the value of -1 + 6 + -2 + -2 + 0?
1
What is the value of 7 + (-7 - -9 - 9) + 8?
8
Calculate 8 + -5 + 14 - 13.
4
What is -30 + 36 - (-1 - -1 - 0)?
6
7 + 1 + -4 + 8 + -7
5
What is the value of -2 + (-4 - 2) + 4 + 4?
0
Evaluate -4 - (7 - (-1 + 5)).
-7
Evaluate -6 + -4 + -1 + 6.
-5
What is the value of -13 + 3 + 10 + 0?
0
-1 + -5 + (116 - 118)
-8
What is the value of 7 - ((-1 - -1) + -4 + 6)?
5
Evaluate (0 + -3 - -6) + -11 + 10.
2
What is the value of 3 + 1 + -1 - (7 - -1)?
-5
Calculate -1 + -1 + 3 + 29 + -31.
-1
Evaluate -2 - (-3 - (-5 - 0)).
-4
What is the value of 11 - (1 - (5 - 15) - 6)?
6
2 + -4 + (3 - (6 - 3))
-2
Calculate -2 + 1 - (-12 + 9).
2
What is the value of ((5 - 5) + -5 - -1) + 4?
0
Calculate 5 - (1 + 3) - 1.
0
Evaluate 3 - (-1 + 6 - 4).
2
Evaluate -1 + 4 - (8 - 1).
-4
Evaluate -1 - 2 - (-2 - (0 - 4)).
-5
Calculate 10 - (16 - (10 - 6)).
-2
Evaluate -7 + (-6 - -8 - -7).
2
Evaluate 1 + (-1 + -1 - (7 - 5)).
-3
What is the value of -5 - (-4 + 2 - 0)?
-3
What is the value of (-13 - -1) + (-7 - (11 - 26))?
-4
Calculate 8 + -4 - (7 + 2).
-5
Evaluate 2 - 4 - 1 - 1.
-4
What is the value of (-4 - -1) + (1 - 1)?
-3
3 + 0 + (2 + -6 - 0)
-1
What is 3 + 0 + (-18 - -12)?
-3
-7 + (15 - 7) - (-3 + -1)
5
What is 2 - 3 - (-6 + 8)?
-3
Evaluate 1 + -4 + (7 - 3).
1
(0 + 3 - -1) + -1
3
What is -6 + (7 - (0 - -5))?
-4
Evaluate 1 + -2 + 0 + -20 + 21.
0
Evaluate 3 + 0 + -6 + (9 - 4).
2
Evaluate ((-1 - 3) + 0 - -6) + 2.
4
Calculate -1 + 2 + -3 + -2 + 2.
-2
What is the value of (3 - 5) + -2 + 7?
3
Evaluate -5 + (0 - -4) + -3.
-4
What is 2 + (-7 - (2 + -1)) - -1?
-5
What is -2 - 4 - -7 - -3?
4
What is the value of 6 + 0 - (-109 - -107)?
8
What is -2 + 5 + -3 + (-1 - -1)?
0
-13 + 13 + 8 - (1 + 0)
7
What is -1 - 0 - 0 - (3 - 1)?
-3
Calculate (-1 + 2 - -1) + -7 - -7.
2
Evaluate -5 + -5 + 8 + -5 + 4.
-3
-4 + (-5 - -2 - -1) + 6
0
Evaluate -4 + 0 - (2 + -11).
5
What is the value of -3 - (7 - 6) - (-11 + 4)?
3
Evaluate 3 - (4 - ((-3 - -6) + 3)).
5
Calculate -2 + (4 - 0) + (-2 - 3).
-3
Evaluate (-1 - -1) + -9 + 13 - -1.
5
What is the value of 7 + -2 + -11 - -7?
1
Evaluate (5 + -4 - (0 - 3)) + -3.
1
Evaluate 3 + 1 + -1 + 14 + -17.
0
Evaluate -17 + -1 + -7 + (44 - 29).
-10
Evaluate (-4 - (-4 - -3)) + -1.
-4
Calculate 5 - (1 + 7 + 1).
-4
1 + 1 + (7 - 5)
4
What is -6 - (-12 - -7) - (-5 + -1)?
5
What is 7 + -6 + (0 - 3) - -2?
0
Evaluate 2 + (5 + (-1 - 2) - 2).
2
Evaluate -8 - (-5 + (4 - 0) - -2).
-9
Calculate 2 + (-2 - -2) + 1.
3
What is 0 + (2 - -2) + -3?
1
What is the value of -18 + 21 - (-1 + 5) - -4?
3
Calculate (4 - -8) + -8 + 1.
5
Evaluate 1 + -5 + (5 - (1 - -2)).
-2
15 + (-7 - 6) + (3 - 0)
5
(-3 - -5 - 2) + 4
4
What is the value of 2 - (3 + (3 + 7 - 3))?
-8
What is the value of -103 + 101 - (-1 - 8)?
7
Evaluate (4 - -4) + -29 + 24.
3
Calculate 1 + 3 - (17 - 14).
1
What is -16 + 4 - (-1 + (1 - 6))?
-6
Evaluate 1 + 3 + -2 + 1.
3
What is the value of -3 + -2 + -2 + (8 - -2)?
3
7 - (-6 + 2 + 6)
5
Calculate (-2 - -6) + -8 - 4.
-8
What is the value of 12 + -1 + (1 - 3) - 5?
4
What is the value of -1 - 7 - (-21 + 3 + 3)?
7
Evaluate 4 - (1 + 10 + -4).
-3
Evaluate (0 - 4 - -4) + 1.
1
Evaluate 2 - (0 + (-8 - 0)).
10
What is the value of 22 + -17 - (2 - -1 - 6)?
8
Evaluate -1 + (10 - 4 - -1) - 1.
5
Calculate 11 + -3 + (-23 + 10 - -9).
4
-13 + (-5 - (-5 - 6) - -2)
-5
Evaluate -3 + 7 + 3 + -4.
3
Evaluate 9 - 11 - 4 - -5.
-1
(0 - -1) + 1 + (366 - 359)
9
What is the value of (-7 - -14 - 5) + (-2 - -2)?
2
Evaluate (0 - 3 - -3) + 2.
2
Calculate 1 + (-7 - -1) - (0 + 0).
-5
-2 - (-1 + 0 + 6 + -3)
-4
4 - (-12 + 10 + 2 + 2)
2
What is the value of 5 + (-6 - -8) + 3 + 1?
11
Calculate -2 + (2 - 4) + -1 + 1.
-4
Evaluate 0 + 5 + -11 + 1 + 10.
5
11 + -8 + -3 + (1 - 1)
0
(-3 - 0) + 8 - 6
-1
What is the value of (-4 - (0 - 7)) + -1?
2
Evaluate -8 + (10 + -7 - (-1 + 0)).
-4
What is 2 - (-1 + 4 + (2 - 2))?
-1
What is (2 + -5 + 4 - 3) + -3?
-5
What is the value of -5 - -3 - 0 - -7?
5
What is -1 + 1 + -2 - -10?
8
61 + -54 - (-2 + 16)
-7
What is the value of 4 - (7 - (0 - 3))?
-6
Evaluate (6 - (-6 - -10)) + -6 - -2.
-2
What is the value of 3 - (-3 + 7) - (-8 + 5)?
2
What is (4 - (0 - 1)) + -10?
-5
Calculate -5 + (1 - -1) + 1.
-2
What is the value of 4 - 3 - (2 + -2 + 1)?
0
What is -9 - (-4 - (1 + 0))?
-4
Calculate (9 + -6 - 1) + 2 + 3.
7
What is the value of 4 + (20 - 19 - (4 - 1))?
2
Calculate -13 + -13 + 29 + 1 + -8.
-4
Evaluate 76 + -79 - (-7 + -1).
5
What is the value of (-10 - -7) + (8 - 4)?
1
What is 3 - 12 - -7 - -5?
3
What is -9 - (9 + -17) - 1?
-2
What is the value of -6 - ((14 - 6) + -4 + -4)?
-6
Calculate 7 + 2 + -4 + -4.
1
What is the value of -3 - (-4 + (4 - 2) + -2)?
1
What is the value of -5 + 3 - (-3 + 2)?
-1
What is the value of -2 + 0 + -5 + (0 - -1)?
-6
Calculate 5 + -1 - (1 + (7 - 9)).
5
What is 8 + 1 - (1 + 0) - 2?
6
What is -5 - (5 + -3 - 2)?
-5
What is 0 + 1 + -3 + 1?
-1
Calculate (-4 - (-1 + -2 + 1)) + 7.
5
What is 6 + (4 - 6 - 3) - -4?
5
What is -9 + -2 + 3 + 3?
-5
-28 + 28 - ((-1 - -1) + 5)
-5
Evaluate 1 + 2 - ((6 - 5) + 3).
-1
What is -4 + -5 + (10 - 9)?
-8
-4 + 3 - ((2 - 1) + -7)
5
What is (-12 - -4) + 4 + 6 + -3?
-1
What is -2 - (-70 - -67 - (2 + 0))?
3
Calculate 8 + (-5 - 7) + (0 - -1).
-3
What is (10 + -4 - 3) + -8?
-5
Calculate 7 - 7 - ((-6 - -3) + 9).
-6
Calculate -1 + 4 - (-15 - -20).
-2
-5 + 5 - (-5 - (1 - 1))
5
What is the value of -3 + (4 - (5 + 1)) - -9?
4
Calculate -3 + 4 + -1 + -1.
-1
(-6 - 1 - 1) + (2 - -2)
-4
What is -5 - 10 - -8 - -4?
-3
Evaluate (1 - (6 + -3 + 2)) + -4.
-8
Evaluate -6 + 11 - (2 + -1).
4
What is the value of 9 + -3 - (2 - (3 - 4))?
3
Calculate (0 + 0 - 4) + 1 + 1.
-2
What is the value of -6 - (7 - (8 - -2))?
-3
What is the value of 1 - (3 - 2) - (-7 - -3)?
4
What is the value of -11 + 3 - 2 - (1 + -3)?
-8
Evaluate 1 - (-6 + 13 + -2).
-4
15 - 0 - (84 - 76)
7
What is -2 - -7 - (12 - 13)?
6
What is the value of (-4 - -6) + (-1 - (4 - 3))?
0
What is 3 - (6 - (-5 + 5))?
-3
What is -12 + -2 + 11 + 2?
-1
(-10 - -5) + -3 - -10
2
What is -2 - 0 - (122 + -120)?
-4
Evaluate 4 + (0 - (13 + 6)) - -7.
-8
Calculate (5 - 5) + -1 + (-1 - -6).
4
What is the value of (-1 - (5 + 0)) + 9?
3
-3 - (2 + -3 - 4)
2
What is the value of 7 - 15 - (-2 - 2)?
-4
Calculate -6 + (8 + -13 - -6).
-5
Evaluate 71 + -74 + 5 + (-1 - 0).
1
-3 + 2 + (-2 - -4) + -3
-2
What is (-7 - -6 - (0 - -1)) + 1?
-1
What is the value of 2 - 2 - (-12 + 15)?
-3
Evaluate 24 + -19 + 1 + -3.
3
Evaluate -6 - (7 + -6 - 1).
-6
-3 - (-3 + 2 + 0)
-2
What is the value of -12 + 10 + 7 + -12?
-7
1 + 3 + -5 - -1
0
What is 2 - 2 - (-5 - -1 - -8)?
-4
What is the value of -1 - ((-1 - 5) + 4 - -3)?
-2
Evaluate 2 - (0 - (-2 - -5)) - 0.
5
Evaluate -9 - (3 + (2 - 6)).
-8
What is -4 + 1 - ((-14 - -5) + 14)?
-8
What is the value of 3 - (-2 - (0 + -2) - 1)?
4
What is 9 - 11 - (1 + 0 + -4)?
1
What is the value of -5 + 10 - (12 + -4 + 0)?
-3
What is 2 + -2 + 2 - 0?
2
-5 + 18 + -10 - 8
-5
Evaluate (-3 - 4) + 9 - 0.
2
What is -3 + (2 - 2 - (-4 - 1))?
2
What is the value of -2 + (4 - 2) + -2?
-2
-5 + 0 - (-17 - (-6 + -4))
2
-8 + 3 + 3 - (0 - -3)
-5
Calculate 0 + -2 + 1 - (-1 + 4).
-4
Evaluate (-3 - -5) + -9 + 4.
-3
What is 1 + 0 + 6 + -11?
-4
What is the value of (0 - 0 - 3) + 4?
1
What is -8 + -4 + 4 - -2 - -2?
-4
What is 1 + -2 + (0 - 2)?
-3
What is the value of -7 + 7 + 4 + -3 - 6?
-5
What is (-6 - 0) + -23 + 33?
4
What is (-2 - (1 + -1)) + (-2 - -7)?
3
What is the value of -17 + 0 + 13 + 1 + -1?
-4
Evaluate -8 + (0 - (-6 + 7) - -2).
-7
(2 - -8) + -3 + -6
1
Evaluate (8 - 16) + 7 - -7.
6
2 + -17 - (-35 - -27)
-7
What is the value of 2 - 2 - 6 - (23 + -22)?
-7
What is the value of 3 + -1 + (-2 - -4)?
4
Evaluate 5 + 2 + -4 - (-1 - -1).
3
Evaluate 16 + -20 - (1 - 9) - 6.
-2
What is the value of 10 - (